{"id":96,"date":"2023-03-11T11:35:45","date_gmt":"2023-03-11T11:35:45","guid":{"rendered":"https:\/\/catedraamazonica.org\/?page_id=96"},"modified":"2023-03-19T14:39:22","modified_gmt":"2023-03-19T14:39:22","slug":"organigrama","status":"publish","type":"page","link":"https:\/\/catedraamazonica.org\/?page_id=96","title":{"rendered":"Organigrama"},"content":{"rendered":"\n<p><strong><mark style=\"background-color:rgba(0, 0, 0, 0)\" class=\"has-inline-color has-headings-color\">COMIT\u00c9 PERMANENTE<\/mark><\/strong> (En proceso de Renovaci\u00f3n)<\/p>\n\n\n\n<p>DIRECCI\u00d3N: Eugenio Alonso Rom\u00e1n OSA, Estudio Teol\u00f3gico Agustiniano.<\/p>\n\n\n\n<p>SUBDIRECCI\u00d3N: Jos\u00e9 Luis Alonso Ponga, Universidad de Valladolid<\/p>\n\n\n\n<p>SECRETARIA: Pilar Panero Garc\u00eda, Universidad de Valladolid.<\/p>\n\n\n\n<p>ASESOR PRINCIPAL: David \u00c1lvarez Cineira OSA, Estudio Teol\u00f3gico Agustiniano.<\/p>\n\n\n\n<p>ASESOR GENERAL: Fernando Joven OSA, Presidente del Estudio Teol\u00f3gico Agustiniano.<\/p>\n\n\n\n<p>VOCALES:<\/p>\n\n\n\n<ul class=\"wp-block-list\">\n<li>Pablo Tirado, Estudio Teol\u00f3gico Agustiniano.<\/li>\n\n\n\n<li>Domingo Natal, Estudio Teol\u00f3gico Agustiniano.<\/li>\n\n\n\n<li>Luis Casado, Filipinos Valladolid.<\/li>\n\n\n\n<li>Helena Roncero Alonso, Ciencias Ambientales, Valladolid.<\/li>\n<\/ul>\n\n\n\n<p><strong><mark style=\"background-color:rgba(0, 0, 0, 0)\" class=\"has-inline-color has-headings-color\">COMIT\u00c9 ASESOR INTERNACIONAL<\/mark><\/strong> (En proceso de Renovaci\u00f3n)<\/p>\n\n\n\n<p>Juan Jos\u00e9 Plasencia, Consejero Embajada de Per\u00fa en Madrid<\/p>\n\n\n\n<p>Carlos Barrios, Segundo Secretario de la Embajada de Per\u00fa en Madrid<\/p>\n\n\n\n<p>Fernando Roca S.J., Pontificia Universidad Cat\u00f3lica de Per\u00fa<\/p>\n\n\n\n<p>Luis Fernando Crespo, Pontificia Universidad Cat\u00f3lica de Per\u00fa<\/p>\n\n\n\n<p>Adelaida Sueiro, Pontificia Universidad Cat\u00f3lica de Per\u00fa<\/p>\n\n\n\n<p>Andr\u00e9s Gallego, Pontificia Universidad Cat\u00f3lica de Per\u00fa<\/p>\n\n\n\n<p>Carlos Castillo, Pontifica Universidad Cat\u00f3lica de Per\u00fa<\/p>\n\n\n\n<p>Felipe Segarra, Pontificia Universidad Cat\u00f3lica de Per\u00fa<\/p>\n\n\n\n<p>Joaqu\u00edn Garc\u00eda OSA., Centro de Estudios Teol\u00f3gicos de la Amazon\u00eda de Iquitos<\/p>\n\n\n\n<p>Manolo Berj\u00f3n OSA., Vicariato de Iquitos<\/p>\n\n\n\n<p>Miguel Angel Cadenas OSA., Vicariato de Iquitos<\/p>\n\n\n\n<p>Antonio Loz\u00e1n Pun Lay OSA., Vicariato de Iquitos<\/p>\n\n\n\n<p>Pilar Mur, Arquitecta de Lima<\/p>\n\n\n\n<p>Gladys Lazo Hans de Frantz, Educadora en EEUU<\/p>\n\n\n\n<p>Miguel Mur, expresidente de la Price<\/p>\n\n\n\n<p>Fernando Carbone, exministro de Salud de Per\u00fa<\/p>\n\n\n\n<p>Sergio Ramos educador y especialista en medios de comunicaci\u00f3n de Lima<\/p>\n","protected":false},"excerpt":{"rendered":"<p>COMIT\u00c9 PERMANENTE (En proceso de Renovaci\u00f3n) DIRECCI\u00d3N: Eugenio Alonso Rom\u00e1n OSA, Estudio Teol\u00f3gico Agustiniano. SUBDIRECCI\u00d3N: Jos\u00e9 Luis Alonso Ponga, Universidad de Valladolid SECRETARIA: Pilar Panero &hellip;<\/p>\n","protected":false},"author":1,"featured_media":0,"parent":0,"menu_order":0,"comment_status":"closed","ping_status":"closed","template":"","meta":{"om_disable_all_campaigns":false,"_monsterinsights_skip_tracking":false,"_monsterinsights_sitenote_active":false,"_monsterinsights_sitenote_note":"","_monsterinsights_sitenote_category":0,"footnotes":""},"class_list":["post-96","page","type-page","status-publish","hentry"],"aioseo_notices":[],"_links":{"self":[{"href":"https:\/\/catedraamazonica.org\/index.php?rest_route=\/wp\/v2\/pages\/96","targetHints":{"allow":["GET"]}}],"collection":[{"href":"https:\/\/catedraamazonica.org\/index.php?rest_route=\/wp\/v2\/pages"}],"about":[{"href":"https:\/\/catedraamazonica.org\/index.php?rest_route=\/wp\/v2\/types\/page"}],"author":[{"embeddable":true,"href":"https:\/\/catedraamazonica.org\/index.php?rest_route=\/wp\/v2\/users\/1"}],"replies":[{"embeddable":true,"href":"https:\/\/catedraamazonica.org\/index.php?rest_route=%2Fwp%2Fv2%2Fcomments&post=96"}],"version-history":[{"count":4,"href":"https:\/\/catedraamazonica.org\/index.php?rest_route=\/wp\/v2\/pages\/96\/revisions"}],"predecessor-version":[{"id":265,"href":"https:\/\/catedraamazonica.org\/index.php?rest_route=\/wp\/v2\/pages\/96\/revisions\/265"}],"wp:attachment":[{"href":"https:\/\/catedraamazonica.org\/index.php?rest_route=%2Fwp%2Fv2%2Fmedia&parent=96"}],"curies":[{"name":"wp","href":"https:\/\/api.w.org\/{rel}","templated":true}]}}