{"id":95,"date":"2023-03-11T11:35:45","date_gmt":"2023-03-11T11:35:45","guid":{"rendered":"https:\/\/catedraamazonica.org\/?page_id=95"},"modified":"2023-03-12T17:32:53","modified_gmt":"2023-03-12T17:32:53","slug":"objetivos","status":"publish","type":"page","link":"https:\/\/catedraamazonica.org\/?page_id=95","title":{"rendered":"Objetivos"},"content":{"rendered":"\n<p><strong><mark style=\"background-color:rgba(0, 0, 0, 0)\" class=\"has-inline-color has-headings-color\">OBJETIVOS DE LA C\u00c1TEDRA<\/mark><\/strong><\/p>\n\n\n\n<ol class=\"wp-block-list\">\n<li><mark style=\"background-color:rgba(0, 0, 0, 0)\" class=\"has-inline-color has-accent-2-color\">Sensibilizar y concienciar a la sociedad espa\u00f1ola de la riqueza biol\u00f3gica y cultural de la Amazon\u00eda, lo que supone preservar esa \u00e1rea mediante la utilizaci\u00f3n sostenible de sus recursos naturales y humanos.<\/mark><\/li>\n\n\n\n<li><mark style=\"background-color:rgba(0, 0, 0, 0)\" class=\"has-inline-color has-accent-2-color\">Promover los estudios acad\u00e9micos y cient\u00edficos sobre la Amazon\u00eda en Espa\u00f1a (defensa de los derechos del nativo, antropolog\u00eda, lenguas, religiones, ecolog\u00eda, interculturalidad, globalizaci\u00f3n, ecoteolog\u00eda, teolog\u00eda contextual india\u2026), descubrir y presentar todas las contribuciones que abran caminos nuevos en pol\u00edticas, conocimientos, investigaciones, experiencias, tecnolog\u00edas, estrategias, informaci\u00f3n para mejorar el desarrollo sostenible, la identidad del nativo, librarlo de la marginaci\u00f3n y lograr promoci\u00f3n e integraci\u00f3n social en relaci\u00f3n con el \u00e1mbito nacional, sin perder de vista la perspectiva de los procesos de la globalizaci\u00f3n mundial.<\/mark><\/li>\n\n\n\n<li><mark style=\"background-color:rgba(0, 0, 0, 0)\" class=\"has-inline-color has-accent-2-color\">Animar el protagonismo de los pueblos ind\u00edgenas teniendo en cuenta la dimensi\u00f3n humana en su totalidad.<\/mark><\/li>\n\n\n\n<li><mark style=\"background-color:rgba(0, 0, 0, 0)\" class=\"has-inline-color has-accent-2-color\">Activar la concienciaci\u00f3n de los pueblos amaz\u00f3nicos, especialmente, los del Vicariato Apost\u00f3lico de Iquitos, a trav\u00e9s de los agustinos, para que los mismos nativos y pobladores de la selva, vivan su identidad, sean agentes de su historia y tengan la palabra y los medios adecuados para ser gestores de la conservaci\u00f3n, desarrollo equilibrado y sostenido, de los bienes de la tierra amaz\u00f3nica en todas las dimensiones y contribuyan al bien de ellos, de todo el pueblo peruano y del mundo.<\/mark><\/li>\n\n\n\n<li><mark style=\"background-color:rgba(0, 0, 0, 0)\" class=\"has-inline-color has-accent-2-color\">Investigar y dar a conocer la labor de los agustinos en aquellas latitudes, especialmente del Vicariato Apost\u00f3lico de Iquitos.<\/mark><\/li>\n<\/ol>\n","protected":false},"excerpt":{"rendered":"<p>OBJETIVOS DE LA C\u00c1TEDRA<\/p>\n","protected":false},"author":1,"featured_media":0,"parent":0,"menu_order":0,"comment_status":"closed","ping_status":"closed","template":"","meta":{"om_disable_all_campaigns":false,"_monsterinsights_skip_tracking":false,"_monsterinsights_sitenote_active":false,"_monsterinsights_sitenote_note":"","_monsterinsights_sitenote_category":0,"footnotes":""},"class_list":["post-95","page","type-page","status-publish","hentry"],"aioseo_notices":[],"_links":{"self":[{"href":"https:\/\/catedraamazonica.org\/index.php?rest_route=\/wp\/v2\/pages\/95","targetHints":{"allow":["GET"]}}],"collection":[{"href":"https:\/\/catedraamazonica.org\/index.php?rest_route=\/wp\/v2\/pages"}],"about":[{"href":"https:\/\/catedraamazonica.org\/index.php?rest_route=\/wp\/v2\/types\/page"}],"author":[{"embeddable":true,"href":"https:\/\/catedraamazonica.org\/index.php?rest_route=\/wp\/v2\/users\/1"}],"replies":[{"embeddable":true,"href":"https:\/\/catedraamazonica.org\/index.php?rest_route=%2Fwp%2Fv2%2Fcomments&post=95"}],"version-history":[{"count":4,"href":"https:\/\/catedraamazonica.org\/index.php?rest_route=\/wp\/v2\/pages\/95\/revisions"}],"predecessor-version":[{"id":192,"href":"https:\/\/catedraamazonica.org\/index.php?rest_route=\/wp\/v2\/pages\/95\/revisions\/192"}],"wp:attachment":[{"href":"https:\/\/catedraamazonica.org\/index.php?rest_route=%2Fwp%2Fv2%2Fmedia&parent=95"}],"curies":[{"name":"wp","href":"https:\/\/api.w.org\/{rel}","templated":true}]}}