{"id":66,"date":"2023-03-11T11:21:47","date_gmt":"2023-03-11T11:21:47","guid":{"rendered":"https:\/\/catedraamazonica.org\/?page_id=66"},"modified":"2023-03-11T12:11:53","modified_gmt":"2023-03-11T12:11:53","slug":"doctrina-social-de-la-iglesia","status":"publish","type":"page","link":"https:\/\/catedraamazonica.org\/?page_id=66","title":{"rendered":"Doctrina Social de la Iglesia"},"content":{"rendered":"\n<div class=\"wp-block-group\"><div class=\"wp-block-group__inner-container is-layout-constrained wp-block-group-is-layout-constrained\">\n<p class=\"has-accent-2-color has-text-color\">La doctrina social de la Iglesia es un conjunto de ense\u00f1anzas y principios que se han desarrollado a lo largo de la historia de la Iglesia Cat\u00f3lica y que buscan ofrecer una gu\u00eda \u00e9tica y moral para la vida social, pol\u00edtica y econ\u00f3mica. Esta doctrina se enfoca en la dignidad humana, la justicia social, la solidaridad y la subsidiariedad, es decir, el principio de que las decisiones deben ser tomadas a nivel m\u00e1s cercano al individuo y que las instituciones superiores deben ser un apoyo y no un obst\u00e1culo para la realizaci\u00f3n del bien com\u00fan.<\/p>\n\n\n\n<p class=\"has-accent-2-color has-text-color\">En la Amazon\u00eda, la aplicaci\u00f3n de la doctrina social de la Iglesia ha sido un tema importante en las \u00faltimas d\u00e9cadas, especialmente en relaci\u00f3n a la defensa de los derechos de los pueblos ind\u00edgenas y la protecci\u00f3n del medio ambiente. La Iglesia ha enfatizado la necesidad de una justicia econ\u00f3mica que proteja a los m\u00e1s vulnerables y que promueva el desarrollo sostenible, y ha defendido el derecho de los pueblos ind\u00edgenas a mantener su cultura y su forma de vida tradicional.<\/p>\n\n\n\n<p class=\"has-accent-2-color has-text-color\">Adem\u00e1s, la Iglesia ha llamado la atenci\u00f3n sobre la necesidad de una responsabilidad social que involucre tanto a las empresas como a los individuos en la protecci\u00f3n del medio ambiente. La Iglesia ha hecho hincapi\u00e9 en la importancia de cuidar y respetar la creaci\u00f3n de Dios y ha instado a las personas a tomar medidas concretas para proteger el medio ambiente y prevenir el cambio clim\u00e1tico.<\/p>\n\n\n\n<p class=\"has-accent-2-color has-text-color\">La aplicaci\u00f3n de la doctrina social de la Iglesia en la Amazon\u00eda ha sido acompa\u00f1ada de reflexiones teol\u00f3gicas sobre la justicia econ\u00f3mica, la responsabilidad social y la protecci\u00f3n del medio ambiente. Estas reflexiones han enfatizado la importancia de un compromiso activo por parte de la Iglesia y de la sociedad en general para luchar contra las injusticias econ\u00f3micas y la exclusi\u00f3n social, y para proteger la creaci\u00f3n de Dios y las culturas de los pueblos ind\u00edgenas.<\/p>\n\n\n\n<p class=\"has-accent-2-color has-text-color\">En resumen, la doctrina social de la Iglesia ha sido una herramienta importante en la lucha por los derechos de los pueblos ind\u00edgenas y la protecci\u00f3n del medio ambiente en la Amazon\u00eda. La Iglesia ha enfatizado la importancia de una justicia econ\u00f3mica, una responsabilidad social y una protecci\u00f3n del medio ambiente, y ha hecho llamados a la acci\u00f3n concreta para lograr estos objetivos. Las reflexiones teol\u00f3gicas sobre estos temas han profundizado la comprensi\u00f3n de la Iglesia sobre la importancia de la justicia social y la solidaridad en la regi\u00f3n amaz\u00f3nica y en todo el mundo.<\/p>\n<\/div><\/div>\n\n\n<div class=\"wp-block-image\">\n<figure class=\"aligncenter size-full\"><img loading=\"lazy\" decoding=\"async\" width=\"850\" height=\"479\" src=\"https:\/\/catedraamazonica.org\/wp-content\/uploads\/2023\/03\/rerum-novarum-agencia-kna.webp\" alt=\"\" class=\"wp-image-144\" srcset=\"https:\/\/catedraamazonica.org\/wp-content\/uploads\/2023\/03\/rerum-novarum-agencia-kna.webp 850w, https:\/\/catedraamazonica.org\/wp-content\/uploads\/2023\/03\/rerum-novarum-agencia-kna-300x169.webp 300w, https:\/\/catedraamazonica.org\/wp-content\/uploads\/2023\/03\/rerum-novarum-agencia-kna-768x433.webp 768w, https:\/\/catedraamazonica.org\/wp-content\/uploads\/2023\/03\/rerum-novarum-agencia-kna-359x202.webp 359w\" sizes=\"auto, (max-width: 850px) 100vw, 850px\" \/><\/figure><\/div>","protected":false},"excerpt":{"rendered":"<p>La doctrina social de la Iglesia es un conjunto de ense\u00f1anzas y principios que se han desarrollado a lo largo de la historia de la &hellip;<\/p>\n","protected":false},"author":1,"featured_media":0,"parent":0,"menu_order":0,"comment_status":"closed","ping_status":"closed","template":"","meta":{"om_disable_all_campaigns":false,"_monsterinsights_skip_tracking":false,"_monsterinsights_sitenote_active":false,"_monsterinsights_sitenote_note":"","_monsterinsights_sitenote_category":0,"footnotes":""},"class_list":["post-66","page","type-page","status-publish","hentry"],"aioseo_notices":[],"_links":{"self":[{"href":"https:\/\/catedraamazonica.org\/index.php?rest_route=\/wp\/v2\/pages\/66","targetHints":{"allow":["GET"]}}],"collection":[{"href":"https:\/\/catedraamazonica.org\/index.php?rest_route=\/wp\/v2\/pages"}],"about":[{"href":"https:\/\/catedraamazonica.org\/index.php?rest_route=\/wp\/v2\/types\/page"}],"author":[{"embeddable":true,"href":"https:\/\/catedraamazonica.org\/index.php?rest_route=\/wp\/v2\/users\/1"}],"replies":[{"embeddable":true,"href":"https:\/\/catedraamazonica.org\/index.php?rest_route=%2Fwp%2Fv2%2Fcomments&post=66"}],"version-history":[{"count":3,"href":"https:\/\/catedraamazonica.org\/index.php?rest_route=\/wp\/v2\/pages\/66\/revisions"}],"predecessor-version":[{"id":145,"href":"https:\/\/catedraamazonica.org\/index.php?rest_route=\/wp\/v2\/pages\/66\/revisions\/145"}],"wp:attachment":[{"href":"https:\/\/catedraamazonica.org\/index.php?rest_route=%2Fwp%2Fv2%2Fmedia&parent=66"}],"curies":[{"name":"wp","href":"https:\/\/api.w.org\/{rel}","templated":true}]}}